{"version":"1.0","provider_name":"Keti Breds\u00f3","provider_url":"https:\/\/ketibredso.cafeblog.hu","author_name":"ketibredso","author_url":"https:\/\/ketibredso.cafeblog.hu\/author\/ketibredso\/","title":"Ferr\u00e9 meghalt","html":"<p>&nbsp; &nbsp; &nbsp; &nbsp; &nbsp; &nbsp; &nbsp; &nbsp; &nbsp; &nbsp; &nbsp; &nbsp; &nbsp;<span style=\"font-weight: bold;\"> &nbsp; Gy\u00e1szolnak az olaszok \u00e9s gy\u00e1szolok \u00e9n is.<\/span><\/p><p>Ferr\u00e9 sz\u00e1momra nemcsak egy m\u00e1rka, hanem egy fogalom. \u0150 tette Mil\u00e1n\u00f3t az olasz divat centrum\u00e1v\u00e1.&nbsp; Ennek k\u00f6sz\u00f6nhet\u0151en olyan vev\u0151k\u00f6rre siker\u00fclt szert tennie,&nbsp; amir\u0151l&nbsp; sok tervez\u0151 csak \u00e1lmodozik. Felsorolok n\u00e9h\u00e1ny&nbsp; nevet, mert tanuls\u00e1gos: Sharon Stone, Elisabeth Taylor, Oprah Winfrey, Jord\u00e1nia Kir\u00e1lya, Paloma Picasso, politikusok nejei, mint Bernadett Chirac, Claude Pompidou, az elhunyt Princess Dianna...\u00e9s a sort lehetne folytatni...<\/p><p>Egy olyan tervez\u0151 volt, akit minden \u00e9rdekelt, az \u00e9p\u00edt\u00e9szett\u0151l a finom \u00e9teleken \u00e1t a legk\u00fcl\u00f6nb\u00f6z\u0151bb korok kult\u00far\u00e1ja. <br><\/p><p>Innen mer\u00edtette ihleteit. <br><\/p><p>Nemcsak egy nagyszer\u0171 couturier volt, ahogy az a francia mondja, hanem egy r\u00e9gim\u00f3di gentleman is, mint ahogy Donatella Versace&nbsp; nyilatkozott r\u00f3la.<\/p><p>Sz\u00e1m\u00e1ra a divatnak \u00f6tv\u00f6zni kell k\u00fcl\u00f6nb\u00f6z\u0151 korok \u00e9s f\u00f6ldrajzi ter\u00fcletekr\u0151l j\u00f6v\u0151 inspir\u00e1ci\u00f3kat, de els\u0151sorban a m\u0171v\u00e9szetek erej\u00e9ben hitt. <br><\/p><p>St\u00edlus\u00e1nak meghat\u00e1roz\u00f3 elemei&nbsp; v\u00e9g\u00fcl is a&nbsp; szenved\u00e9lye, az \u00edzl\u00e9se \u00e9s az a sok&nbsp; tapasztalat, amit \u00e9vek sor\u00e1n felhalmozott.<\/p><p>Nagyon kedvesen Roberto Cavalli csak \u00edgy nyilatkozott r\u00f3la:\" Ferr\u00e9 a legmagasabb szinten val\u00f3s\u00edtotta meg saj\u00e1t st\u00edlus\u00e1t, amit k\u00fcl\u00f6nleges k\u00e9zm\u00fcvess\u00e9gel \u00e9s kreat\u00edv brav\u00farral p\u00e1ros\u00edtott. \u0150 val\u00f3di m\u0171v\u00e9sz volt a szalm\u00e1j\u00e1ban, egy tiszta \u00e9s sz\u00e9p lelk\u0171 ember, aki nagyon hi\u00e1nyozni fog a szakm\u00e1nak...\"<\/p><p>Nekem is!<br><\/p><p><br><\/p>","type":"rich"}

Keti Bredsó

Ferré meghalt

<p>&nbsp; &nbsp; &nbsp; &nbsp; &nbsp; &nbsp; &nbsp; &nbsp; &nbsp; &nbsp; &nbsp; &nbsp; &nbsp;<span style="font-weight: bold;"> &nbsp; Gyászolnak az olaszok és gyászolok én is.</span></p><p>Ferré számomra nemcsak egy márka, hanem egy fogalom. Ő tette Milánót az olasz divat centrumává.&nbsp; Ennek köszönhetően olyan vevőkörre sikerült szert tennie,&nbsp; amiről&nbsp; sok tervező csak álmodozik. Felsorolok néhány&nbsp; nevet, mert tanulságos: Sharon Stone, Elisabeth Taylor, Oprah Winfrey, Jordánia Királya, Paloma Picasso, politikusok nejei, mint Bernadett Chirac, Claude Pompidou, az elhunyt Princess Dianna...és a sort lehetne folytatni...</p><p>Egy olyan tervező volt, akit minden érdekelt, az építészettől a finom ételeken át a legkülönbözőbb korok kultúrája. <br></p><p>Innen merítette ihleteit. <br></p><p>Nemcsak egy nagyszerű couturier volt, ahogy az a francia mondja, hanem egy régimódi gentleman is, mint ahogy Donatella Versace&nbsp; nyilatkozott róla.</p><p>Számára a divatnak ötvözni kell különböző korok és földrajzi területekről jövő inspirációkat, de elsősorban a művészetek erejében hitt. <br></p><p>Stílusának meghatározó elemei&nbsp; végül is a&nbsp; szenvedélye, az ízlése és az a sok&nbsp; tapasztalat, amit évek során felhalmozott.</p><p>Nagyon kedvesen Roberto Cavalli csak így nyilatkozott róla:" Ferré a legmagasabb szinten valósította meg saját stílusát, amit különleges kézmüvességel és kreatív bravúrral párosított. Ő valódi művész volt a szalmájában, egy tiszta és szép lelkű ember, aki nagyon hiányozni fog a szakmának..."</p><p>Nekem is!<br></p><p><br></p>
